41?
239
Calculate the remainder when 58558686 is divided by 2566.
0
What is the remainder when 9839058 is divided by 44?
42
Calculate the remainder when 22266428 is divided by 81562.
2
Calculate the remainder when 5685901 is divided by 46989.
232
What is the remainder when 71670 is divided by 2390?
2360
Calculate the remainder when 35980575 is divided by 3540.
15
Calculate the remainder when 514082 is divided by 894.
32
Calculate the remainder when 15680411 is divided by 4671.
4535
What is the remainder when 3133568 is divided by 997?
994
Calculate the remainder when 3127576 is divided by 1042461.
193
Calculate the remainder when 1784759 is divided by 144.
23
Calculate the remainder when 56698 is divided by 25.
23
What is the remainder when 7472528 is divided by 149?
29
What is the remainder when 2560660 is divided by 1464?
124
What is the remainder when 2786910 is divided by 3142?
3098
What is the remainder when 1034803 is divided by 58?
25
What is the remainder when 33607 is divided by 868?
623
Calculate the remainder when 222951 is divided by 8670.
6201
What is the remainder when 928333 is divided by 309375?
208
Calculate the remainder when 161196385 is divided by 53732127.
4
What is the remainder when 135844 is divided by 6905?
4649
What is the remainder when 86104 is divided by 1151?
930
What is the remainder when 1416782 is divided by 3179?
2127
What is the remainder when 329678 is divided by 2274?
2222
What is the remainder when 93384 is divided by 299?
96
Calculate the remainder when 985812 is divided by 316.
208
What is the remainder when 81566 is divided by 5593?
3264
What is the remainder when 1177505 is divided by 28021?
623
What is the remainder when 52844 is divided by 159?
56
What is the remainder when 2195858 is divided by 884?
2
Calculate the remainder when 28881729 is divided by 8760.
9
Calculate the remainder when 4879898 is divided by 247.
166
Calculate the remainder when 59968259 is divided by 103.
11
What is the remainder when 15067 is divided by 12861?
2206
Calculate the remainder when 148994542 is divided by 1068.
1066
What is the remainder when 1967014 is divided by 775?
64
Calculate the remainder when 28895 is divided by 221.
165
Calculate the remainder when 119965 is divided by 122.
39
What is the remainder when 5753 is divided by 4514?
1239
Calculate the remainder when 18891718 is divided by 1111277.
9
What is the remainder when 24094 is divided by 11611?
872
What is the remainder when 282850 is divided by 2994?
1414
Calculate the remainder when 3339676 is divided by 152.
84
Calculate the remainder when 473251 is divided by 18192.
259
What is the remainder when 32537253 is divided by 138?
27
What is the remainder when 15085697 is divided by 608?
1
What is the remainder when 13375294 is divided by 2118?
124
Calculate the remainder when 297213 is divided by 566.
63
What is the remainder when 107287 is divided by 13410?
7
Calculate the remainder when 6324401 is divided by 69.
68
Calculate the remainder when 686166 is divided by 7624.
6
What is the remainder when 34407 is divided by 10857?
1836
Calculate the remainder when 66507 is divided by 1668.
1455
Calculate the remainder when 23247 is divided by 1453.
1452
Calculate the remainder when 28781266 is divided by 702.
670
Calculate the remainder when 148249 is divided by 36530.
2129
What is the remainder when 2474685 is divided by 386?
39
What is the remainder when 1556215 is divided by 2123?
56
Calculate the remainder when 46999374 is divided by 602556.
6
What is the remainder when 18172079 is divided by 20?
19
Calculate the remainder when 90404 is divided by 4613.
2757
What is the remainder when 1558474 is divided by 222628?
78
What is the remainder when 346625 is divided by 17329?
45
What is the remainder when 185740 is divided by 46394?
164
Calculate the remainder when 7916103 is divided by 7916064.
39
What is the remainder when 6072417 is divided by 1214478?
27
Calculate the remainder when 30264 is divided by 149.
17
What is the remainder when 9233076 is divided by 7?
6
What is the remainder when 18720814 is divided by 1451?
12
Calculate the remainder when 672669 is divided by 2089.
11
Calculate the remainder when 56427347 is divided by 70.
67
Calculate the remainder when 8284254 is divided by 504.
6
Calculate the remainder when 2390211 is divided by 1256.
43
What is the remainder when 2121380 is divided by 151526?
16
Calculate the remainder when 14557 is divided by 69.
67
Calculate the remainder when 786178 is divided by 87353.
1
Calculate the remainder when 871392 is divided by 174258.
102
What is the remainder when 6861197 is divided by 16182?
29
Calculate the remainder when 104128533 is divided by 503.
491
Calculate the remainder when 44504 is divided by 1062.
962
What is the remainder when 6327 is divided by 193?
151
Calculate the remainder when 2769 is divided by 2531.
238
Calculate the remainder when 5637 is divided by 1244.
661
Calculate the remainder when 335111 is divided by 20943.
23
Calculate the remainder when 15839 is divided by 7500.
839
What is the remainder when 260039 is divided by 129676?
687
What is the remainder when 28633203 is divided by 1226?
1199
Calculate the remainder when 184331613 is divided by 1824.
1821
What is the remainder when 64747 is divided by 49?
18
What is the remainder when 57361675 is divided by 2141?
3
Calculate the remainder when 8697480 is divided by 584.
552
What is the remainder when 527037 is divided by 157?
145
What is the remainder when 4876066 is divided by 11?
8
Calculate the remainder when 10717229 is divided by 1190803.
2
What is the remainder when 1037810 is divided by 61047?
11
What is the remainder when 91476 is divided by 7582?
492
What is the remainder when 482115 is divided by 1686?
1605
What is the remainder when 30191179 is divided by 13?
5
What is the remainder when 656167 is divided by 5463?
607
Calculate the remainder when 4449964 is divided by 1285.
9
What is the remainder when 765318 is divided by 109323?
57
What is the remainder when 462891 is divided by 1187?
1148
Calculate the remainder when 59969478 is divided by 19989822.
12
Calculate the remainder when 12210365 is divided by 14298.
14171
What is the remainder when 17876 is divided by 2254?
2098
Calculate the remainder when 36097530 is divided by 165585.
0
What is the remainder when 19087476 is divided by 114?
0
What is the remainder when 134579 is divided by 129694?
4885
What is the remainder when 119265 is divided by 87?
75
Calculate the remainder when 3428915 is divided by 228556.
575
Calculate the remainder when 312108 is divided by 13468.
2344
What is the remainder when 3985506 is divided by 89?
86
Calculate the remainder when 22150 is divided by 5515.
90
Calculate the remainder when 11881325 is divided by 4394.
4343
What is the remainder when 8328326 is divided by 29120?
6
Calculate the remainder when 125420430 is divided by 307403.
6
What is the remainder when 17887158 is divided by 346?
342
Calculate the remainder when 595388 is divided by 1471.
1104
Calculate the remainder when 274860 is divided by 68443.
1088
Calculate the remainder when 81386 is divided by 4269.
275
Calculate the remainder when 8231120 is divided by 8628.
8
What is the remainder when 516033 is divided by 7937?
128
Calculate the remainder when 21417448 is divided by 51.
49
Calculate the remainder when 22239 is divided by 1042.
357
What is the remainder when 2785568 is divided by 395?
28
Calculate the remainder when 6925 is divided by 3198.
529
Calculate the remainder when 19170345 is divided by 2799.
2793
Calculate the remainder when 57808 is divided by 6313.
991
What is the remainder when 21439 is divided by 1097?
596
Calculate the remainder when 5917033 is divided by 40807.
18
Calculate the remainder when 729630 is divided by 60707.
1146
What is the remainder when 51568 is divided by 6529?
5865
Calculate the remainder when 33859357 is divided by 17.
15
What is the remainder when 1780750 is divided by 64?
14
Calculate the remainder when 168461 is divided by 802.
41
Calculate the remainder when 5223638 is divided by 5223600.
38
Calculate the remainder when 3188898 is divided by 49.
27
Calculate the remainder when 102160 is divided by 6429.
5725
What is the remaind